when 297 is divided by 25.
22
What is the remainder when 213 is divided by 41?
8
Calculate the remainder when 1369 is divided by 677.
15
Calculate the remainder when 54 is divided by 14.
12
Calculate the remainder when 154 is divided by 35.
14
What is the remainder when 621 is divided by 60?
21
Calculate the remainder when 424 is divided by 118.
70
Calculate the remainder when 67 is divided by 17.
16
Calculate the remainder when 643 is divided by 17.
14
What is the remainder when 1708 is divided by 57?
55
What is the remainder when 1377 is divided by 18?
9
What is the remainder when 101 is divided by 32?
5
What is the remainder when 179 is divided by 45?
44
Calculate the remainder when 274 is divided by 19.
8
What is the remainder when 859 is divided by 24?
19
Calculate the remainder when 2243 is divided by 198.
65
Calculate the remainder when 3540 is divided by 21.
12
What is the remainder when 126 is divided by 47?
32
What is the remainder when 11029 is divided by 10?
9
Calculate the remainder when 740 is divided by 24.
20
What is the remainder when 433 is divided by 107?
5
What is the remainder when 1175 is divided by 11?
9
What is the remainder when 5790 is divided by 305?
300
What is the remainder when 3403 is divided by 1134?
1
What is the remainder when 884 is divided by 129?
110
Calculate the remainder when 25 is divided by 14.
11
What is the remainder when 59 is divided by 38?
21
Calculate the remainder when 188 is divided by 19.
17
Calculate the remainder when 406 is divided by 30.
16
What is the remainder when 107 is divided by 13?
3
What is the remainder when 858 is divided by 16?
10
Calculate the remainder when 1536 is divided by 57.
54
What is the remainder when 27 is divided by 6?
3
What is the remainder when 804 is divided by 13?
11
What is the remainder when 185 is divided by 48?
41
Calculate the remainder when 1248 is divided by 5.
3
Calculate the remainder when 16922 is divided by 62.
58
Calculate the remainder when 606 is divided by 18.
12
Calculate the remainder when 497 is divided by 135.
92
What is the remainder when 79 is divided by 10?
9
What is the remainder when 94 is divided by 9?
4
Calculate the remainder when 629 is divided by 310.
9
What is the remainder when 359 is divided by 23?
14
What is the remainder when 5350 is divided by 51?
46
Calculate the remainder when 611 is divided by 210.
191
What is the remainder when 131 is divided by 68?
63
What is the remainder when 642 is divided by 23?
21
Calculate the remainder when 2411 is divided by 67.
66
What is the remainder when 257 is divided by 138?
119
What is the remainder when 719 is divided by 340?
39
Calculate the remainder when 127 is divided by 66.
61
What is the remainder when 5 is divided by 4?
1
Calculate the remainder when 220 is divided by 15.
10
What is the remainder when 1184 is divided by 41?
36
Calculate the remainder when 2219 is divided by 185.
184
Calculate the remainder when 761 is divided by 47.
9
What is the remainder when 41 is divided by 7?
6
What is the remainder when 98 is divided by 10?
8
What is the remainder when 237 is divided by 60?
57
What is the remainder when 950 is divided by 28?
26
Calculate the remainder when 2632 is divided by 2.
0
Calculate the remainder when 1026 is divided by 507.
12
What is the remainder when 846 is divided by 30?
6
What is the remainder when 3568 is divided by 65?
58
Calculate the remainder when 781 is divided by 32.
13
What is the remainder when 48 is divided by 18?
12
Calculate the remainder when 154 is divided by 83.
71
What is the remainder when 83 is divided by 14?
13
What is the remainder when 2372 is divided by 214?
18
Calculate the remainder when 947 is divided by 85.
12
Calculate the remainder when 257 is divided by 19.
10
Calculate the remainder when 2317 is divided by 11.
7
What is the remainder when 24 is divided by 5?
4
Calculate the remainder when 62 is divided by 6.
2
What is the remainder when 265 is divided by 56?
41
What is the remainder when 3885 is divided by 29?
28
What is the remainder when 654 is divided by 16?
14
Calculate the remainder when 61 is divided by 25.
11
What is the remainder when 1352 is divided by 47?
36
What is the remainder when 332 is divided by 49?
38
Calculate the remainder when 136 is divided by 7.
3
Calculate the remainder when 423 is divided by 85.
83
Calculate the remainder when 60 is divided by 13.
8
Calculate the remainder when 108 is divided by 19.
13
What is the remainder when 100 is divided by 36?
28
What is the remainder when 114 is divided by 18?
6
What is the remainder when 162 is divided by 61?
40
What is the remainder when 104 is divided by 93?
11
What is the remainder when 199 is divided by 39?
4
Calculate the remainder when 1054 is divided by 56.
46
What is the remainder when 4055 is divided by 70?
65
What is the remainder when 337 is divided by 65?
12
What is the remainder when 261 is divided by 56?
37
Calculate the remainder when 415 is divided by 70.
65
What is the remainder when 3481 is divided by 346?
21
What is the remainder when 330 is divided by 91?
57
What is the remainder when 151 is divided by 80?
71
Calculate the remainder when 92 is divided by 82.
10
What is the remainder when 3575 is divided by 18?
11
What is the remainder when 13 is divided by 2?
1
What is the remainder when 3681 is divided by 3?
0
Calculate the remainder when 9434 is divided by 160.
154
Calculate the remainder when 91 is divided by 6.
1
Calculate the remainder when 34 is divided by 10.
4
Calculate the remainder when 443 is divided by 52.
27
What is the remainder when 2790 is divided by 215?
210
Calculate the remainder when 122 is divided by 27.
14
What is the remainder when 503 is divided by 28?
27
Calculate the remainder when 433 is divided by 236.
197
Calculate the remainder when 121 is divided by 33.
22
What is the remainder when 59 is divided by 31?
28
What is the remainder when 193 is divided by 13?
11
What is the remainder when 382 is divided by 97?
91
Calculate the remainder when 273 is divided by 11.
9
Calculate the remainder when 2552 is divided by 3.
2
What is the remainder when 70 is divided by 61?
9
Calculate the remainder when 414 is divided by 60.
54
Calculate the remainder when 497 is divided by 128.
113
Calculate the remainder when 1737 is divided by 5.
2
What is the remainder when 210 is divided by 31?
24
What is the remainder when 525 is divided by 8?
5
Calculate the remainder when 171 is divided by 58.
55
What is the remainder when 1099 is divided by 185?
174
What is the remainder when 335 is divided by 164?
7
Calculate the remainder when 265 is divided by 19.
18
What is the remainder when 448 is divided by 75?
73
Calculate the remainder when 163 is divided by 39.
7
What is the remainder when 355 is divided by 44?
3
What is the remainder when 35 is divided by 8?
3
Calculate the remainder when 690 is divided by 64.
50
Calculate the remainder when 7932 is divided by 128.
124
What is the remainder when 527 is divided by 107?
99
What is the remainder when 22 is divided by 6?
4
What is the remainder when 13289 is divided by 34?
29
Calculate the remainder when 149 is divided by 49.
2
Calculate the remainder when 62 is divided by 47.
15
Calculate the remainder when 407 is divided by 103.
98
What is the remainder when 43597 is divided by 50?
47
Calculate the remainder when 41 is divided by 37.
4
What is the remainder when 229 is divided by 103?
23
What is the remainder when 9004 is divided by 34?
28
What is the remainder when 277 is divided by 9?
7
Calculate the remainder when 197 is divided by 8.
5
What is the remainder when 158 is divided by 68?
22
Calculate the remainder when 1424 is divided by 65.
59
Calculate the remainder when 58 is divided by 22.
14
Calculate the remainder when 278 is divided by 106.
66
Calculate the remainder when 98 is divided by 15.
8
Calculate the remainder when 501 is divided by 132.
105
Calculate the remainder when 19359 is divided by 8.
7
What is the remainder when 897 is divided by 10?
7
What is the remainder when 704 is divided by 34?
24
What is the remainder when 143 is divided by 49?
45
What is the remainder when 1358 is divided by 96?
14
Calculate the remainder when 116 is divided by 48.
20
What is the remainder when 